{"id":110,"date":"2012-09-12T17:58:30","date_gmt":"2012-09-12T15:58:30","guid":{"rendered":"http:\/\/naum-ev.de\/?page_id=110"},"modified":"2015-03-24T16:13:31","modified_gmt":"2015-03-24T15:13:31","slug":"spenden","status":"publish","type":"page","link":"http:\/\/www.naum-ev.de\/?page_id=110","title":{"rendered":"Spenden"},"content":{"rendered":"<p style=\"text-align: center;\"><span style=\"color: #0000ff;\">Verein f\u00fcr eine nat\u00fcrliche Umwelt e. V. (NAUM e. V.)<\/span><br \/>\n(als gemeinn\u00fctzig anerkannt, Spenden sind steuerlich absetzbar)<br \/>\nVR-Nr.: 31700 B<\/p>\n<p style=\"text-align: center;\"><strong><strong>NEUE SPENDEN-KONTO NUMMER:<br \/>\nVolks\u00adbank Olden\u00adburg eG,<br \/>\nIBAN: DE 27 2806 1822 3681 3508 00<br \/>\nBIC: GENODEF 1EDE<\/strong><\/strong><\/p>\n<p style=\"text-align: center;\"><span style=\"color: #0000ff;\">\u00a0Wir m\u00f6chten allen Menschen herzlich danken, die uns bereits durch kleine und gro\u00dfe Spenden gezeigt haben, wie wichtig unsere Arbeit f\u00fcr sie ist!!!<\/span><\/p>\n<p>&nbsp;<\/p>\n<p>&nbsp;<\/p>\n<p>&nbsp;<\/p>\n<p>&nbsp;<\/p>\n<p>&nbsp;<\/p>\n<p>&nbsp;<\/p>\n<p>&nbsp;<\/p>\n<p>&nbsp;<\/p>\n<p>&nbsp;<\/p>\n<p>&nbsp;<\/p>\n<p>&nbsp;<\/p>\n<div id=\"link64_adl_tabid\" style=\"display: none;\" data-url=\"http:\/\/www.naum-ev.de\/wp-admin\/post.php?post=110&amp;action=edit\">410<\/div>\n","protected":false},"excerpt":{"rendered":"<p>Verein f\u00fcr eine nat\u00fcrliche Umwelt e. V. (NAUM e. V.) (als gemeinn\u00fctzig anerkannt, Spenden sind steuerlich absetzbar) VR-Nr.: 31700 B NEUE SPENDEN-KONTO NUMMER: Volks\u00adbank Olden\u00adburg eG, IBAN: DE 27 2806 1822 3681 3508 00 BIC: GENODEF 1EDE \u00a0Wir m\u00f6chten allen &hellip; <a href=\"http:\/\/www.naum-ev.de\/?page_id=110\">Weiterlesen <span class=\"meta-nav\">&rarr;<\/span><\/a><\/p>\n","protected":false},"author":1,"featured_media":0,"parent":0,"menu_order":7,"comment_status":"closed","ping_status":"closed","template":"","meta":{"footnotes":""},"class_list":["post-110","page","type-page","status-publish","hentry"],"_links":{"self":[{"href":"http:\/\/www.naum-ev.de\/index.php?rest_route=\/wp\/v2\/pages\/110","targetHints":{"allow":["GET"]}}],"collection":[{"href":"http:\/\/www.naum-ev.de\/index.php?rest_route=\/wp\/v2\/pages"}],"about":[{"href":"http:\/\/www.naum-ev.de\/index.php?rest_route=\/wp\/v2\/types\/page"}],"author":[{"embeddable":true,"href":"http:\/\/www.naum-ev.de\/index.php?rest_route=\/wp\/v2\/users\/1"}],"replies":[{"embeddable":true,"href":"http:\/\/www.naum-ev.de\/index.php?rest_route=%2Fwp%2Fv2%2Fcomments&post=110"}],"version-history":[{"count":17,"href":"http:\/\/www.naum-ev.de\/index.php?rest_route=\/wp\/v2\/pages\/110\/revisions"}],"predecessor-version":[{"id":496,"href":"http:\/\/www.naum-ev.de\/index.php?rest_route=\/wp\/v2\/pages\/110\/revisions\/496"}],"wp:attachment":[{"href":"http:\/\/www.naum-ev.de\/index.php?rest_route=%2Fwp%2Fv2%2Fmedia&parent=110"}],"curies":[{"name":"wp","href":"https:\/\/api.w.org\/{rel}","templated":true}]}}