{"id":194,"date":"2012-11-09T16:33:48","date_gmt":"2012-11-09T15:33:48","guid":{"rendered":"http:\/\/wordpress.naum-ev.de\/?page_id=194"},"modified":"2014-01-27T20:02:01","modified_gmt":"2014-01-27T19:02:01","slug":"veranstaltungshinweise","status":"publish","type":"page","link":"http:\/\/www.naum-ev.de\/?page_id=194","title":{"rendered":"Veranstaltungen"},"content":{"rendered":"<h1 align=\"center\"><span style=\"color: #0000ff;\">Friedlich in die Katastrophe &#8211; Ein Pl\u00e4doyer f\u00fcr das \u00dcberleben<\/span><\/h1>\n<h2 align=\"center\"><span style=\"color: #0000ff;\">Ein Dokumentarfilm von Holger Strohm und Marcin El<\/span><\/h2>\n<p align=\"center\">Wer diesen Film gesehen hat, kann unm\u00f6glich noch f\u00fcr Atomkraft sein.<\/p>\n<p style=\"text-align: center;\">\u00a0<a href=\"http:\/\/www.friedlich-in-die-katastrophe.de\/\" target=\"_blank\">http:\/\/www.friedlich-in-die-katastrophe.de\/<\/a><\/p>\n<p><img loading=\"lazy\" decoding=\"async\" class=\" wp-image-305 aligncenter\" title=\"Spirale\" alt=\"\" src=\"http:\/\/wordpress.naum-ev.de\/wp-content\/uploads\/2012\/10\/spirale_web3-150x150.jpg\" width=\"38\" height=\"38\" srcset=\"http:\/\/www.naum-ev.de\/wp-content\/uploads\/2012\/10\/spirale_web3-150x150.jpg 150w, http:\/\/www.naum-ev.de\/wp-content\/uploads\/2012\/10\/spirale_web3-293x300.jpg 293w, http:\/\/www.naum-ev.de\/wp-content\/uploads\/2012\/10\/spirale_web3.jpg 690w\" sizes=\"auto, (max-width: 38px) 100vw, 38px\" \/><\/p>\n<p>&nbsp;<\/p>\n<p>&nbsp;<\/p>\n<p>&nbsp;<\/p>\n<p>&nbsp;<\/p>\n<p>&nbsp;<\/p>\n<p>&nbsp;<\/p>\n<p>&nbsp;<\/p>\n<p>&nbsp;<\/p>\n<p>&nbsp;<\/p>\n<p>&nbsp;<\/p>\n<p>&nbsp;<\/p>\n<p>&nbsp;<\/p>\n<p>&nbsp;<\/p>\n<p>&nbsp;<\/p>\n<p>&nbsp;<\/p>\n<p>&nbsp;<\/p>\n<p>&nbsp;<\/p>\n<p>&nbsp;<\/p>\n<p>&nbsp;<\/p>\n<p>&nbsp;<\/p>\n<p>&nbsp;<\/p>\n<p>&nbsp;<\/p>\n<p>&nbsp;<\/p>\n<p>&nbsp;<\/p>\n<p>&nbsp;<\/p>\n<p>&nbsp;<\/p>\n<p>&nbsp;<\/p>\n<p>&nbsp;<\/p>\n<p>&nbsp;<\/p>\n<p>&nbsp;<\/p>\n<p>&nbsp;<\/p>\n<p>&nbsp;<\/p>\n<p>&nbsp;<\/p>\n<p>&nbsp;<\/p>\n<p>&nbsp;<\/p>\n<p>.<\/p>\n","protected":false},"excerpt":{"rendered":"<p>Friedlich in die Katastrophe &#8211; Ein Pl\u00e4doyer f\u00fcr das \u00dcberleben Ein Dokumentarfilm von Holger Strohm und Marcin El Wer diesen Film gesehen hat, kann unm\u00f6glich noch f\u00fcr Atomkraft sein. \u00a0http:\/\/www.friedlich-in-die-katastrophe.de\/ &nbsp; &nbsp; &nbsp; &nbsp; &nbsp; &nbsp; &nbsp; &nbsp; &nbsp; &nbsp; &hellip; <a href=\"http:\/\/www.naum-ev.de\/?page_id=194\">Weiterlesen <span class=\"meta-nav\">&rarr;<\/span><\/a><\/p>\n","protected":false},"author":1,"featured_media":305,"parent":0,"menu_order":4,"comment_status":"closed","ping_status":"closed","template":"","meta":{"footnotes":""},"class_list":["post-194","page","type-page","status-publish","has-post-thumbnail","hentry"],"_links":{"self":[{"href":"http:\/\/www.naum-ev.de\/index.php?rest_route=\/wp\/v2\/pages\/194","targetHints":{"allow":["GET"]}}],"collection":[{"href":"http:\/\/www.naum-ev.de\/index.php?rest_route=\/wp\/v2\/pages"}],"about":[{"href":"http:\/\/www.naum-ev.de\/index.php?rest_route=\/wp\/v2\/types\/page"}],"author":[{"embeddable":true,"href":"http:\/\/www.naum-ev.de\/index.php?rest_route=\/wp\/v2\/users\/1"}],"replies":[{"embeddable":true,"href":"http:\/\/www.naum-ev.de\/index.php?rest_route=%2Fwp%2Fv2%2Fcomments&post=194"}],"version-history":[{"count":19,"href":"http:\/\/www.naum-ev.de\/index.php?rest_route=\/wp\/v2\/pages\/194\/revisions"}],"predecessor-version":[{"id":204,"href":"http:\/\/www.naum-ev.de\/index.php?rest_route=\/wp\/v2\/pages\/194\/revisions\/204"}],"wp:featuredmedia":[{"embeddable":true,"href":"http:\/\/www.naum-ev.de\/index.php?rest_route=\/wp\/v2\/media\/305"}],"wp:attachment":[{"href":"http:\/\/www.naum-ev.de\/index.php?rest_route=%2Fwp%2Fv2%2Fmedia&parent=194"}],"curies":[{"name":"wp","href":"https:\/\/api.w.org\/{rel}","templated":true}]}}

<h1 align="center"><span style="color: #0000ff;">Friedlich in die Katastrophe &#8211; Ein Plädoyer für das Überleben</span></h1>
<h2 align="center"><span style="color: #0000ff;">Ein Dokumentarfilm von Holger Strohm und Marcin El</span></h2>
<p align="center">Wer diesen Film gesehen hat, kann unmöglich noch für Atomkraft sein.</p>
<p style="text-align: center;"> <a href="http://www.friedlich-in-die-katastrophe.de/" target="_blank">http://www.friedlich-in-die-katastrophe.de/</a></p>
<p><img loading="lazy" decoding="async" class=" wp-image-305 aligncenter" title="Spirale" alt="" src="http://wordpress.naum-ev.de/wp-content/uploads/2012/10/spirale_web3-150x150.jpg" width="38" height="38" srcset="http://www.naum-ev.de/wp-content/uploads/2012/10/spirale_web3-150x150.jpg 150w, http://www.naum-ev.de/wp-content/uploads/2012/10/spirale_web3-293x300.jpg 293w, http://www.naum-ev.de/wp-content/uploads/2012/10/spirale_web3.jpg 690w" sizes="auto, (max-width: 38px) 100vw, 38px" /></p>
<p>&nbsp;</p>
<p>&nbsp;</p>
<p>&nbsp;</p>
<p>&nbsp;</p>
<p>&nbsp;</p>
<p>&nbsp;</p>
<p>&nbsp;</p>
<p>&nbsp;</p>
<p>&nbsp;</p>
<p>&nbsp;</p>
<p>&nbsp;</p>
<p>&nbsp;</p>
<p>&nbsp;</p>
<p>&nbsp;</p>
<p>&nbsp;</p>
<p>&nbsp;</p>
<p>&nbsp;</p>
<p>&nbsp;</p>
<p>&nbsp;</p>
<p>&nbsp;</p>
<p>&nbsp;</p>
<p>&nbsp;</p>
<p>&nbsp;</p>
<p>&nbsp;</p>
<p>&nbsp;</p>
<p>&nbsp;</p>
<p>&nbsp;</p>
<p>&nbsp;</p>
<p>&nbsp;</p>
<p>&nbsp;</p>
<p>&nbsp;</p>
<p>&nbsp;</p>
<p>&nbsp;</p>
<p>&nbsp;</p>
<p>&nbsp;</p>
<p>.</p>

<p>Friedlich in die Katastrophe &#8211; Ein Plädoyer für das Überleben Ein Dokumentarfilm von Holger Strohm und Marcin El Wer diesen Film gesehen hat, kann unmöglich noch für Atomkraft sein.  http://www.friedlich-in-die-katastrophe.de/ &nbsp; &nbsp; &nbsp; &nbsp; &nbsp; &nbsp; &nbsp; &nbsp; &nbsp; &nbsp; &hellip; <a href="http://www.naum-ev.de/?page_id=194">Weiterlesen <span class="meta-nav">&rarr;</span></a></p>
